the remainder when 24798205 is divided by 8358?
19
Calculate the remainder when 182346 is divided by 397.
123
Calculate the remainder when 69887 is divided by 69546.
341
Calculate the remainder when 59987 is divided by 29564.
859
Calculate the remainder when 385803 is divided by 36.
27
What is the remainder when 1268143 is divided by 12076?
163
What is the remainder when 9074230 is divided by 3024734?
28
What is the remainder when 1093955 is divided by 29?
17
What is the remainder when 100653834 is divided by 280?
274
What is the remainder when 561983 is divided by 280986?
11
What is the remainder when 36488683 is divided by 70?
63
What is the remainder when 1010486 is divided by 252601?
82
What is the remainder when 37251573 is divided by 52?
21
What is the remainder when 3979607 is divided by 4704?
23
Calculate the remainder when 1699753 is divided by 843.
265
Calculate the remainder when 321584 is divided by 321500.
84
What is the remainder when 19126519 is divided by 37?
35
Calculate the remainder when 132203 is divided by 792.
731
What is the remainder when 9538 is divided by 9307?
231
What is the remainder when 5466379 is divided by 2088?
2083
What is the remainder when 15890979 is divided by 47?
44
What is the remainder when 19038960 is divided by 9519476?
8
What is the remainder when 2225471 is divided by 7892?
7819
Calculate the remainder when 15433069 is divided by 1241.
1234
What is the remainder when 34620847 is divided by 692416?
47
Calculate the remainder when 1307523 is divided by 77.
63
What is the remainder when 1186320 is divided by 674?
80
Calculate the remainder when 403493243 is divided by 1617.
1616
What is the remainder when 2893594 is divided by 40?
34
What is the remainder when 5666043 is divided by 2787?
72
What is the remainder when 285672 is divided by 3105?
12
What is the remainder when 1843662 is divided by 70910?
2
Calculate the remainder when 102402 is divided by 50536.
1330
Calculate the remainder when 4362828 is divided by 209.
162
What is the remainder when 64520265 is divided by 41?
0
What is the remainder when 4107441 is divided by 1369115?
96
What is the remainder when 15595007 is divided by 5198329?
20
What is the remainder when 1029978414 is divided by 53?
52
What is the remainder when 725269 is divided by 8738?
15
What is the remainder when 1592404 is divided by 227?
226
What is the remainder when 12802375 is divided by 22265?
0
Calculate the remainder when 51222148 is divided by 561.
43
What is the remainder when 7506696 is divided by 809?
794
Calculate the remainder when 1806441 is divided by 301073.
3
Calculate the remainder when 3924166 is divided by 1262.
608
Calculate the remainder when 1032156 is divided by 160.
156
Calculate the remainder when 45552 is divided by 2725.
1952
Calculate the remainder when 25377538 is divided by 3533.
3532
What is the remainder when 1704217 is divided by 41565?
52
Calculate the remainder when 1357284 is divided by 8030.
214
What is the remainder when 54615814 is divided by 783?
781
Calculate the remainder when 1098445 is divided by 1703.
10
What is the remainder when 5006601 is divided by 2503273?
55
Calculate the remainder when 2699354 is divided by 81.
29
What is the remainder when 25987392 is divided by 1102?
28
What is the remainder when 191595 is divided by 4002?
3501
Calculate the remainder when 1931363 is divided by 92.
7
Calculate the remainder when 342001082 is divided by 88.
82
What is the remainder when 50369 is divided by 1500?
869
Calculate the remainder when 3199994 is divided by 290907.
17
Calculate the remainder when 594391 is divided by 11825.
3141
Calculate the remainder when 2339711 is divided by 2623.
2618
What is the remainder when 6325687 is divided by 751?
14
Calculate the remainder when 728138 is divided by 3738.
2966
What is the remainder when 6832400 is divided by 25027?
29
Calculate the remainder when 2205848 is divided by 12120.
8
Calculate the remainder when 338568 is divided by 25916.
1660
Calculate the remainder when 117033 is divided by 2167.
15
Calculate the remainder when 42756443 is divided by 173.
12
Calculate the remainder when 23967404 is divided by 2870.
34
Calculate the remainder when 44957 is divided by 14985.
2
Calculate the remainder when 5978226 is divided by 2989109.
8
Calculate the remainder when 1652134 is divided by 117.
94
What is the remainder when 41876 is divided by 28?
16
Calculate the remainder when 2266941 is divided by 239.
26
What is the remainder when 279467 is divided by 512?
427
Calculate the remainder when 305040 is divided by 304993.
47
What is the remainder when 690351 is divided by 698?
29
Calculate the remainder when 29503949 is divided by 76.
65
What is the remainder when 3360555 is divided by 140023?
3
What is the remainder when 257475852 is divided by 2067?
2064
What is the remainder when 27400972 is divided by 71543?
3
Calculate the remainder when 132162 is divided by 2706.
2274
What is the remainder when 1093141 is divided by 1286?
41
What is the remainder when 4125987 is divided by 1309?
19
What is the remainder when 57675019 is divided by 13821?
13807
Calculate the remainder when 126390 is divided by 674.
352
Calculate the remainder when 1078570 is divided by 4626.
712
What is the remainder when 540826 is divided by 37?
34
What is the remainder when 4875 is divided by 2018?
839
Calculate the remainder when 65707 is divided by 1046.
855
What is the remainder when 666222 is divided by 13?
11
What is the remainder when 610024 is divided by 2945?
409
Calculate the remainder when 1741041 is divided by 225.
216
What is the remainder when 310329 is divided by 310053?
276
What is the remainder when 95446812 is divided by 47723403?
6
Calculate the remainder when 209365 is divided by 34889.
31
What is the remainder when 9021334 is divided by 138?
136
Calculate the remainder when 3868320 is divided by 11.
5
What is the remainder when 3787540 is divided by 291349?
3
What is the remainder when 84472498 is divided by 14851?
10
Calculate the remainder when 34869 is divided by 2021.
512
Calculate the remainder when 393846809 is divided by 27.
23
What is the remainder when 199187 is divided by 3686?
143
Calculate the remainder when 850059 is divided by 197.
4
What is the remainder when 1552306 is divided by 3074?
3010
Calculate the remainder when 88953590 is divided by 109.
107
Calculate the remainder when 302236 is divided by 1431.
295
What is the remainder when 170098771 is divided by 1015?
1011
Calculate the remainder when 116391 is divided by 11.
0
Calculate the remainder when 20948953 is divided by 3003.
25
What is the remainder when 17566 is divided by 5490?
1096
Calculate the remainder when 98025 is divided by 976.
425
Calculate the remainder when 8627478 is divided by 38.
34
Calculate the remainder when 5819998 is divided by 6.
4
Calculate the remainder when 5697403 is divided by 800.
603
What is the remainder when 3247155 is divided by 811690?
395
What is the remainder when 511901 is divided by 60?
41
Calculate the remainder when 41251463 is divided by 54.
53
What is the remainder when 128355468 is divided by 1425?
18
What is the remainder when 3163772 is divided by 1054588?
8
What is the remainder when 5765771 is divided by 1133?
1067
What is the remainder when 1242205 is divided by 414005?
190
What is the remainder when 4846476 is divided by 10?
6
Calculate the remainder when 132824 is divided by 482.
274
What is the remainder when 62634057 is divided by 427?
416
What is the remainder when 337744 is divided by 3881?
97
What is the remainder when 1525825 is divided by 6663?
6661
Calculate the remainder when 682942 is divided by 1600.
1342
What is the remainder when 2285222 is divided by 2285203?
19
Calculate the remainder when 2443757 is divided by 11.
8
Calculate the remainder when 25977373 is divided by 27.
25
Calculate the remainder when 1249762 is divided by 341.
338
Calculate the remainder when 1584007 is divided by 1718.
11
Calculate the remainder when 44339 is divided by 986.
955
What is the remainder when 5769630 is divided by 76?
14
Calculate the remainder when 184996990 is divided by 3334.
3332
What is the remainder when 129298 is divided by 11371?
4217
What is the remainder when 626265 